9?
False
Is 1089 a factor of 1227659103?
True
Is 1178258157 a multiple of 3209?
True
Does 288 divide 7967499?
False
Is 1098 a factor of 19210608?
True
Does 124 divide 31112667?
False
Is 564784 a multiple of 81?
False
Does 71 divide 93527235?
True
Is 2849 a factor of 1272490547?
False
Is 88952943 a multiple of 149?
False
Does 227 divide 110779401?
False
Does 246 divide 942271020?
True
Is 7032575 a multiple of 2?
False
Is 2237 a factor of 2672473570?
False
Does 88 divide 594231287?
False
Does 3863 divide 29837812?
True
Does 2630 divide 5280598160?
True
Does 382 divide 830943972?
True
Is 207 a factor of 347206482?
True
Is 2218 a factor of 3500496396?
True
Is 1628 a factor of 410433452?
True
Does 5262 divide 365261730?
True
Is 18 a factor of 3361507704?
True
Is 76957738 a multiple of 82?
True
Is 219106080 a multiple of 20?
True
Is 35170006 a multiple of 219?
False
Does 68 divide 17795396?
True
Is 152829008 a multiple of 9?
False
Does 2689 divide 244807592?
False
Is 87581886 a multiple of 133?
False
Is 834990114 a multiple of 23?
True
Does 12 divide 127209910?
False
Does 1096 divide 66041672?
True
Does 369 divide 277243353?
True
Is 9 a factor of 34582670?
False
Does 802 divide 13473284?
False
Is 124511128 a multiple of 1107?
False
Does 198 divide 8710067?
False
Is 29 a factor of 306226022?
True
Is 36 a factor of 22314997?
False
Is 640074570 a multiple of 13?
False
Is 1179 a factor of 22689900?
False
Is 295 a factor of 44905880?
False
Is 11 a factor of 2871088?
True
Is 346800 a multiple of 102?
True
Is 40 a factor of 591607355?
False
Is 241422912 a multiple of 51?
False
Is 11 a factor of 32992443?
True
Is 81 a factor of 6189939?
True
Does 480 divide 13957920?
True
Is 183974206 a multiple of 142?
True
Does 30 divide 11443178?
False
Is 1053309906 a multiple of 198?
True
Is 55 a factor of 1017121?
False
Is 2104 a factor of 17088688?
True
Is 140106146 a multiple of 1181?
False
Is 61 a factor of 231124198?
False
Is 1270289329 a multiple of 71?
True
Is 212133970 a multiple of 283?
True
Does 4 divide 7750114?
False
Is 133883613 a multiple of 319?
False
Is 341557104 a multiple of 10?
False
Is 18 a factor of 721098?
True
Is 1403 a factor of 2592361376?
False
Is 19 a factor of 21744208?
True
Does 230 divide 766131177?
False
Is 2465 a factor of 263849195?
False
Is 3134 a factor of 151304917?
False
Does 1701 divide 217653794?
False
Is 2759317650 a multiple of 8766?
True
Is 68 a factor of 4427344?
True
Does 8 divide 75061088?
True
Is 71 a factor of 40033811?
False
Is 70361895 a multiple of 17?
True
Is 163544648 a multiple of 24?
False
Does 535 divide 1135116732?
False
Is 110 a factor of 9793410?
True
Does 47 divide 10438042?
True
Does 1835 divide 23403590?
True
Is 556 a factor of 3251364498?
False
Is 4815 a factor of 537880008?
False
Is 779764 a multiple of 22?
False
Is 21426295 a multiple of 126?
False
Does 144 divide 22413456?
True
Is 677 a factor of 185780390?
False
Is 152551362 a multiple of 256?
False
Is 3620907420 a multiple of 195?
True
Is 23 a factor of 279577526?
False
Does 907 divide 8403802?
False
Is 91043165 a multiple of 991?
False
Is 2319 a factor of 102826779?
True
Is 89932465 a multiple of 266?
False
Does 7 divide 19087149?
False
Is 247193532 a multiple of 25?
False
Is 1390 a factor of 116680770?
True
Is 87 a factor of 31998817?
False
Does 159 divide 18256539?
True
Does 242 divide 539176?
True
Is 492 a factor of 41483964?
True
Is 93184477 a multiple of 38?
False
Is 1959 a factor of 77605785?
True
Does 9 divide 23417076?
False
Is 1187826120 a multiple of 216?
True
Is 4909240 a multiple of 70?
True
Is 6316 a factor of 545083432?
True
Is 6 a factor of 39417503?
False
Does 320 divide 7519117?
False
Is 316 a factor of 3293039917?
False
Is 8489846 a multiple of 31?
True
Does 203 divide 976135970?
False
Does 10 divide 2281090?
True
Is 193 a factor of 15551361?
True
Is 57592389 a multiple of 53?
False
Is 1769719590 a multiple of 12?
False
Does 160 divide 1560253760?
True
Does 1882 divide 1098617500?
True
Is 115 a factor of 9500242?
False
Is 18 a factor of 672005628?
True
Is 11 a factor of 754032954?
False
Is 11 a factor of 453548769?
False
Does 14 divide 111283228?
True
Does 6418 divide 2219421600?
False
Is 307 a factor of 69525245?
False
Is 55791680 a multiple of 35?
True
Is 414 a factor of 13244690?
False
Is 336 a factor of 740991216?
True
Is 6 a factor of 282885042?
True
Is 59 a factor of 14343276?
False
Does 47 divide 43844458?
False
Is 16 a factor of 4130264608?
True
Does 242 divide 253191258?
False
Is 4501818 a multiple of 177?
True
Is 74 a factor of 635068204?
False
Is 15099940 a multiple of 20?
True
Is 3759 a factor of 145294571?
False
Does 8 divide 111889536?
True
Does 190 divide 116345107?
False
Does 2525 divide 25444063?
False
Is 11 a factor of 1268714843?
True
Is 500799243 a multiple of 134?
False
Does 91 divide 15342373?
False
Is 28 a factor of 741429?
False
Does 37 divide 15109250?
False
Does 9 divide 1771147197?
True
Is 1885 a factor of 412803690?
True
Is 89962254 a multiple of 1437?
False
Is 59607487 a multiple of 956?
False
Does 43 divide 12752854?
True
Is 60326565 a multiple of 756?
False
Is 558 a factor of 252599904?
True
Does 52 divide 1010620?
True
Does 17 divide 190839348?
True
Is 64 a factor of 1115619712?
True
Is 848823296 a multiple of 122?
True
Does 6240 divide 907427040?
True
Is 258215160 a multiple of 8?
True
Is 1044880767 a multiple of 5403?
True
Is 7401 a factor of 886810834?
False
Is 2 a factor of 7885471?
False
Is 144 a factor of 133278192?
True
Is 347 a factor of 32615480?
False
Is 569322993 a multiple of 4030?
False
Is 736600883 a multiple of 587?
False
Is 491 a factor of 10186286?
True
Does 139 divide 200728262?
False
Does 11 divide 26712543?
True
Is 10223931 a multiple of 226?
False
Is 197 a factor of 3366846821?
True
Is 72 a factor of 890712?
True
Does 35 divide 21865305?
True
Does 3 divide 887998090?
False
Is 77 a factor of 3802106?
True
Does 423 divide 1656200128?
False
Is 12028669 a multiple of 68?
False
Does 1571 divide 546454923?
False
Is 438 a factor of 3184497?
False
Does 107 divide 2013477315?
True
Does 22 divide 3592275?
False
Is 692 a factor of 890732020?
True
Is 208 a factor of 35649323?
False
Is 16 a factor of 517521092?
False
Does 264 divide 1174148800?
False
Does 20 divide 19760606?
False
Is 347 a factor of 26578880?
False
Is 558279232 a multiple of 116?
True
Is 1012 a factor of 249311260?
True
Is 68 a factor of 954336888?
True
Is 14 a factor of 23101862?
True
Is 18 a factor of 5858082?
True
Does 27 divide 45242442?
True
Does 3374 divide 161378304?
False
Is 55354975 a multiple of 221?
True
Is 1559253168 a multiple of 9108?
True
Is 135294198 a multiple of 26?
True
Is 78306625 a multiple of 25?
True
Is 499675308 a multiple of 2279?
True
Is 2779 a factor of 585461795?
False
Is 107245995 a multiple of 186?
False
Does 6625 divide 4751469827?
False
Does 1538 divide 56564188?
False
Is 4163119 a multiple of 12?
False
Does 41 divide 224213396?
False
Is 60425705 a multiple of 3?
False
Is 7319025 a multiple of 9?
True
Does 13 divide 378564706?
True
Is 82222968 a multiple of 447?
True
Does 8218 divide 4382163224?
False
Does 5 divide 123133046?
False
Is 17 a factor of 68590172?
True
Is 47427313 a multiple of 1859?
False
Is 58 a factor of 30803974?
True
Does 19 divide 11628342?
True
Is 850399692 a multiple of 4281?
False
Is 25627607 a multiple of 20?
False
Does 48 divide 9468720?
True
Is 77 a factor of 557225602?
False
Is 959813064 a multiple of 21?
True
Is 250 a factor of 80157250?
True
Is 118855 a multiple of 296?
False
Is 80894489 a multiple of 34?
False
Does 118 divide 120517308?
False
Is 288019464 a multiple of 57?
False
Is 7 a factor of 25906097?
True
Is 557397353 a multiple of 109?
False
Is 5080 a factor of 1874133920?
True
Does 20 divide 65236180?
True
Does 11 divide 9874802?
False
Does 534 divide 987581202?
True
Is 737 a factor of 22369424?
True
Is 1729768 a multiple of 926?
True
Is 2361 a factor of 73431822?
True
Is 14668568 a multiple of 3?
False
Does 7 divide 94674766?
False
Is 6 a factor of 4967697?
False
Is 2080 a factor of 36212800?
True
Does 710 divide 111055859?
False
Is 40422624 a multiple of 11?
True
Is 1561769607 a multiple of 21?
False
Is 1741 a factor of 65456377?
True
Is 7321 a factor of 69